se 0 = -3*u + 5*u - 204. What are the prime factors of u?
2, 3, 17
Let u(n) = 4*n - 13. What are the prime factors of u(9)?
23
Suppose n = -5*j + 110 + 6, 42 = 2*j - 4*n. Let b = 7 + j. List the prime factors of b.
2, 3, 5
Let k(c) = -5*c**3 - 4*c**2 + 2*c + 1. Let v be k(2). What are the prime factors of (v/6 - 1)*-2?
19
Let z = -58 + 95. Let a = -18 + z. List the prime factors of a.
19
Let v = -94 + 235. List the prime factors of v.
3, 47
Let d(l) = -5 - 3*l**2 - 18*l**3 - 7*l + 2*l + 17*l**3. What are the prime factors of d(-4)?
31
Suppose 0 = -9*h + 7*h + 254. List the prime factors of h.
127
Let g = 2 - -2. Suppose -g*c + p = -p - 4, 2*c - 2*p = 0. Suppose -5*l = -5*t + 50, 5*t + c*l = 70 - 6. What are the prime factors of t?
2, 3
Let l(s) = -19*s + 14. What are the prime factors of l(-6)?
2
Let w(p) = -2*p**2 - 3*p + 3. Suppose 5*i - 3 - 7 = 0. Let t be w(i). Let x = t - -18. List the prime factors of x.
7
Suppose -b + 9 = 2*b, 2*x + 12 = 2*b. Let z be 4 + -2 + (-9)/(-3). Let h = z + x. What are the prime factors of h?
2
Let w = -6 + 22. Let t = 8 + w. What are the prime factors of t?
2, 3
Let b(g) = 4*g**2. Let n be b(-1). Suppose -4*h + 5*x + 19 = -41, -n*x = h + 6. What are the prime factors of h?
2, 5
Let h be 70/6 + 1/3. Suppose w + 3*w = h. List the prime factors of w.
3
Suppose -2*t = 3*d - 6, 7*d - 2*d = 2*t + 26. What are the prime factors of d/(-6) - 200/(-12)?
2
Let v be 1 + -1*(-2 + -2). Suppose -3*f - v = -4*f. Suppose y - 11 - 11 = a, 0 = -a - f. What are the prime factors of y?
17
Let k(f) = 14*f**2 + 1. Let t be k(-2). Suppose 3*d - 2*u - 167 = 0, 4*u = d + 2*u - t. List the prime factors of d.
5, 11
Suppose 4*c - 46 = -5*y, 2*c + 9 + 7 = 4*y. What are the prime factors of y?
2, 3
Let a(r) = 19*r + 29. What are the prime factors of a(17)?
2, 11
Let s be 2/(-4) + 47/2. Let l = -12 + s. List the prime factors of l.
11
Let g(x) = -25*x - 4. Let z(o) = 17*o + 3. Let m(p) = 5*g(p) + 7*z(p). What are the prime factors of m(-1)?
7
Let q(d) = d**2 + 8*d - 1. Let p be q(-9). Let v = p + -5. Suppose 0 = v*w - 28 - 2. What are the prime factors of w?
2, 5
Let b(f) = 52*f - 2. What are the prime factors of b(3)?
2, 7, 11
Suppose -3*h + 0 = -3. Let q be ((-6)/(-8))/(h/(-8)). Let o = -1 - q. What are the prime factors of o?
5
Let x(z) = -z**2 - 8*z + 10. Let c be x(-9). Let q be (-2)/1*(c - 0). Let s(d) = -d + 2. What are the prime factors of s(q)?
2
Suppose -z = -3*z + 200. What are the prime factors of (12/10)/(6/z)?
2, 5
Suppose 5*u = -4*x + 1, -5*u + 4 = 2*x - x. Let j = 1 + x. Suppose j*q - 2*q + 18 = 2*i, 2*i = -4*q + 34. List the prime factors of q.
2
Suppose 0 = -f + 12 - 0. What are the prime factors of f?
2, 3
What are the prime factors of (-6 - -8)*(93 - -1)?
2, 47
Suppose 2*l = -s + 16, 3*s + 8*l - 4*l = 56. List the prime factors of s.
2, 3
Suppose 0 = 2*g - 6*g + 8. Suppose g*o - 2 = 14. List the prime factors of o.
2
Suppose 2*s - 23 - 17 = 0. Suppose -d = -6*d + s. Let y = d + 1. What are the prime factors of y?
5
Let l = 2 - 8. Let q(m) = -m**3 - 6*m**2 - 3*m + 3. What are the prime factors of q(l)?
3, 7
Suppose -4*g - 174 = -5*l + 263, 0 = 5*l - 2*g - 431. What are the prime factors of l?
5, 17
Let t = 11 - -11. What are the prime factors of t?
2, 11
Suppose -j + 10 = 2*j + 5*m, m = 4*j + 25. Let z(x) = -x**3 + 6*x**2 - 4*x - 1. Let h be z(3). Let t = h + j. List the prime factors of t.
3
Suppose -3*r + 2*m = -2*m - 47, 3*r + 4*m - 7 = 0. Let u = r - -11. List the prime factors of u.
2, 5
Let u = -24 - -57. List the prime factors of u.
3, 11
Let t(b) = b**3 + b**2 - b + 3. Let c be t(3). Suppose 3*y - 25 = -2*y. Suppose -y*q + 24 + c = 0. What are the prime factors of q?
2, 3
Let k = 8 + -13. Let a = 13 - k. List the prime factors of a.
2, 3
Suppose 6 = 2*c - 18. What are the prime factors of c?
2, 3
Suppose 2*n - 3 = 25. What are the prime factors of n?
2, 7
Let p(s) = s**2 - 2*s + 1. Let r be p(4). Suppose 4*n + 5 = r*n. What are the prime factors of -11*((-2)/2)/n?
11
Let b(c) = 2 + 0 + 0*c + 2 - 2*c. What are the prime factors of b(-7)?
2, 3
Let w(j) = -2*j + 1. Suppose -1 + 2 = o + 4*q, 0 = 3*o - 5*q + 14. Let d(k) = 2*k - 1. Let y(s) = o*w(s) - 4*d(s). List the prime factors of y(-5).
11
Let m = -129 + 314. What are the prime factors of m?
5, 37
Suppose -5*u = -5, -i - 4*u = -0*i - 24. What are the prime factors of i?
2, 5
Let c(t) be the first derivative of t**4/2 - t**2 + 3*t - 2. Let i be c(2). Let m = i + -5. What are the prime factors of m?
2, 5
Suppose -2*h + 21 = -0*h + 5*p, -2*h - 4*p = -20. Suppose h*l - 3*l - 220 = 0. List the prime factors of l.
2, 11
Suppose -2*a + 91 = -171. List the prime factors of a.
131
Let q(g) = -4*g**2 - 2*g - 2. Let t(o) = -7*o**2 - 3*o - 5. Let w(n) = 5*q(n) - 3*t(n). Let f = 4 - 4. What are the prime factors of w(f)?
5
Let m(d) = -48*d - 1. List the prime factors of m(-1).
47
Let z(v) = -v**3 - 7*v**2 - v - 7. What are the prime factors of z(-8)?
5, 13
What are the prime factors of -3 - -5 - (-1 + -46)?
7
Let b be (4/(-12))/(2/(-78)). Let m = b + -3. What are the prime factors of m?
2, 5
Suppose 2*k - 3*k + 253 = 5*r, 0 = 4*r + 4*k - 196. What are the prime factors of r?
3, 17
Let c = 358 - 215. What are the prime factors of c?
11, 13
Let v(s) = -s**3 - 3*s**2 + 6*s + 5. Let t be v(-4). Let k = 36 + -54. List the prime factors of -1 + (t - (0 + k)).
2, 7
Let y(n) = 2*n**2 + 4. Let j be y(6). Let u = j + -45. List the prime factors of u.
31
Let r be 7 - (3 + -1 - 1). List the prime factors of r/4*(-12)/(-3).
2, 3
Let k = 3 - 3. Let w be 0 + (0 - k - -2). Suppose -5*y + 39 = -w*o - 0*o, -24 = -4*y - 2*o. What are the prime factors of y?
7
Let u = 26 - 16. What are the prime factors of ((-48)/(-30))/(2/u)?
2
Suppose 132 = 3*w + 3*y, y - 172 = -4*w - 2*y. List the prime factors of w.
2, 5
Suppose 3*x = -4*y + 169, -2*x + 82 = -9*y + 4*y. What are the prime factors of x?
3, 17
Let y = -6 - -8. Suppose -3*z = 2*z - 20. Suppose b = 3*d - 28, d - y*b + z = b. What are the prime factors of d?
11
Suppose 180 = a + 4*a + 5*d, 63 = 2*a - d. List the prime factors of a.
3, 11
Suppose 6*v - 28 = 5*v. Let m = v + -7. List the prime factors of m.
3, 7
List the prime factors of (3 + ((-48)/9 - -2))*-237.
79
Suppose 4*i + 93 = 3*j, j + i = 18 + 20. What are the prime factors of j?
5, 7
List the prime factors of 102/(-10)*(-24 - -14).
2, 3, 17
Let z(a) = a**3 + 6*a**2 - a - 4. Let o be z(-6). Let x be o - 0 - 2 - -18. What are the prime factors of (-2)/(-3)*x/4?
3
Suppose n = 3 - 1, -2*n = -g - 4. Let w be (1 + 0)/(-1)*-5. Suppose -w*f = -g*f - 35. What are the prime factors of f?
7
Let k = 6 + -4. Suppose -4*p + 4*g + 42 + 42 = 0, -5*p - k*g = -105. What are the prime factors of p?
3, 7
List the prime factors of 2/3 - (-740)/15.
2, 5
Let s(w) be the first derivative of -w**4/4 + w**3/3 + w**2 + w - 2. Let o be s(2). List the prime factors of ((-35)/20)/(o/(-4)).
7
Suppose -5 - 100 = -5*h. Let v = h + -7. What are the prime factors of v?
2, 7
Suppose -5*g + g = -40. Suppose -4*n = -5*o + 2 - g, -5*n = 2*o - 10. List the prime factors of o - (-2 - (1 - 1)).
2
Let o(p) = -p**2 - 6*p + 70. What are the prime factors of o(0)?
2, 5, 7
Let c = 48 + 8. List the prime factors of c.
2, 7
Let x = 10 - 3. Let i = -6 + x. Suppose -i = g - 10. What are the prime factors of g?
3
Let z = 21 - 18. List the prime factors of 4*z*(1 + 1).
2, 3
Let j be (-33)/(-12) + 2/8. Suppose y + 62 = j*y. List the prime factors of y.
31
Suppose -4*g - 3*q + 156 = 0, -5*g + 5*q + 164 = q. Suppose g = 5*i - 99. List the prime factors of i.
3
Let p = -5 + 6. List the prime factors of p + 8 + (0 - 2).
7
Suppose 2*k = 5*g - 0 + 3, -4*g = -5*k + 16. Let w(m) = -7 + g - m - 2*m + 2. List the prime factors of w(-4).
2
Suppose 2*q = -5*u - 2*q - 6, 0 = u - 4*q + 6. Let h(x) = -7*x + 3. List the prime factors of h(u).
17
Let b(x) = x**2 + 9*x - 12. Let p be b(-10). List the prime factors of 2 + (p - -30) - 1.
29
List the prime factors of 38/4*6/3.
19
Suppose 9*c - 3*c = 246. List the prime factors of c.
41
Suppose 0 = 4*q + 27 + 65. Let g = -16 - q. List the prime factors of g.
7
Suppose 6*s + 4*b - 351 = 3*s, 0 = -s - 5*b + 106. List the prime factors of s.
11
Let j(a) = 2 - 2*a + 5*a + a + 6*a. List the prime factors of j(2).